71 (base 9) to base 15
-44
Convert -a0 (base 15) to base 4.
-2112
Convert 2 (base 14) to base 4.
2
1 (base 10) to base 11
1
What is 101010 (base 2) in base 6?
110
Convert 51 (base 10) to base 5.
201
Convert 82 (base 12) to base 2.
1100010
-35 (base 9) to base 12
-28
Convert 61 (base 12) to base 9.
81
Convert -2 (base 13) to base 5.
-2
What is -17 (base 14) in base 13?
-18
Convert -1 (base 9) to base 15.
-1
20 (base 3) to base 16
6
Convert -69 (base 10) to base 11.
-63
Convert -8 (base 15) to base 3.
-22
2222 (base 3) to base 5
310
2 (base 4) to base 7
2
4 (base 10) to base 6
4
What is -1 (base 13) in base 16?
-1
Convert 114 (base 7) to base 3.
2020
What is 1a (base 12) in base 10?
22
Convert 42 (base 7) to base 16.
1e
What is -58 (base 9) in base 5?
-203
Convert -10 (base 9) to base 15.
-9
Convert -67 (base 13) to base 8.
-125
4 (base 16) to base 5
4
a (base 14) to base 13
a
Convert 21 (base 9) to base 14.
15
Convert -1 (base 8) to base 15.
-1
Convert 140 (base 13) to base 3.
22012
What is 7 (base 9) in base 3?
21
Convert 15 (base 6) to base 10.
11
Convert b (base 12) to base 13.
b
Convert 33 (base 4) to base 2.
1111
-3b (base 12) to base 16
-2f
Convert -65 (base 9) to base 6.
-135
What is -1 (base 10) in base 16?
-1
-201 (base 3) to base 11
-18
What is -3230 (base 4) in base 12?
-178
-2 (base 13) to base 8
-2
What is 1101 (base 2) in base 8?
15
-233 (base 4) to base 14
-35
Convert -92 (base 10) to base 14.
-68
Convert -12 (base 4) to base 2.
-110
Convert 18 (base 15) to base 11.
21
-15 (base 8) to base 14
-d
What is -8 (base 14) in base 11?
-8
What is 6 (base 16) in base 14?
6
What is 18 (base 12) in base 11?
19
-323 (base 5) to base 10
-88
What is -4 (base 11) in base 9?
-4
Convert 7 (base 13) to base 3.
21
2 (base 14) to base 2
10
What is 12 (base 15) in base 5?
32
What is 0 (base 6) in base 5?
0
11 (base 5) to base 4
12
Convert -412 (base 5) to base 7.
-212
What is 132 (base 4) in base 13?
24
What is 101 (base 3) in base 10?
10
What is -150 (base 11) in base 10?
-176
-11 (base 9) to base 6
-14
203 (base 4) to base 10
35
What is 1150 (base 6) in base 10?
282
10111110 (base 2) to base 4
2332
-251 (base 6) to base 12
-87
Convert -34 (base 13) to base 15.
-2d
Convert 2b (base 12) to base 11.
32
48 (base 10) to base 13
39
-60 (base 12) to base 14
-52
29 (base 13) to base 2
100011
What is 13 (base 4) in base 6?
11
What is -60 (base 8) in base 13?
-39
Convert -b5 (base 14) to base 4.
-2133
What is 4 (base 12) in base 4?
10
-11 (base 11) to base 14
-c
What is -17 (base 14) in base 5?
-41
What is 12 (base 15) in base 4?
101
Convert 32 (base 8) to base 11.
24
What is -2 (base 10) in base 11?
-2
Convert 100011 (base 2) to base 9.
38
-2 (base 8) to base 11
-2
Convert -35 (base 10) to base 16.
-23
What is -12 (base 10) in base 12?
-10
Convert 257 (base 11) to base 2.
100110000
What is -23 (base 8) in base 3?
-201
Convert -1 (base 5) to base 10.
-1
1 (base 9) to base 8
1
What is -2d (base 14) in base 5?
-131
10200 (base 3) to base 11
90
What is -2 (base 13) in base 4?
-2
Convert -413 (base 6) to base 12.
-109
What is a (base 11) in base 14?
a
What is -7 (base 14) in base 3?
-21
3 (base 13) to base 16
3
14 (base 16) to base 6
32
-10122 (base 3) to base 12
-82
What is -19 (base 15) in base 8?
-30
What is 36 (base 7) in base 8?
33
What is 6 (base 14) in base 16?
6
What is -1 (base 16) in base 9?
-1
-1 (base 7) to base 8
-1
64 (base 7) to base 4
232
Convert -a5 (base 16) to base 11.
-140
Convert -8 (base 10) to base 7.
-11
35 (base 7) to base 16
1a
What is -22 (base 16) in base 10?
-34
Convert fb (base 16) to base 12.
18b
11 (base 2) to base 13
3
What is -1c (base 13) in base 14?
-1b
Convert -3 (base 9) to base 3.
-10
What is 120 (base 6) in base 9?
53
What is -20 (base 7) in base 13?
-11
0 (base 15) to base 4
0
Convert -4 (base 11) to base 7.
-4
-2 (base 6) to base 5
-2
Convert 34 (base 5) to base 8.
23
Convert -10 (base 2) to base 16.
-2
-10 (base 2) to base 4
-2
Convert 7 (base 13) to base 7.
10
What is 2 (base 4) in base 16?
2
Convert -1204 (base 5) to base 11.
-153
Convert 22 (base 5) to base 6.
20
Convert 1 (base 2) to base 8.
1
-14 (base 8) to base 2
-1100
What is -12 (base 9) in base 16?
-b
What is -100111010 (base 2) in base 15?
-15e
What is -32 (base 4) in base 6?
-22
Convert -42 (base 6) to base 13.
-20
What is -11 (base 4) in base 11?
-5
-102 (base 8) to base 11
-60
Convert 1 (base 8) to base 5.
1
Convert 110101 (base 2) to base 4.
311
-12112 (base 3) to base 5
-1044
Convert -1 (base 15) to base 16.
-1
2 (base 13) to base 15
2
What is -15 (base 11) in base 4?
-100
Convert 306 (base 7) to base 15.
a3
4 (base 16) to base 6
4
What is -10 (base 6) in base 2?
-110
-143 (base 10) to base 13
-b0
What is 222 (base 5) in base 6?
142
What is -11 (base 11) in base 7?
-15
What is -5 (base 10) in base 7?
-5
2 (base 14) to base 11
2
-7 (base 10) to base 3
-21
-1 (base 12) to base 5
-1
What is 11 (base 9) in base 12?
a
What is 11211 (base 3) in base 12?
aa
0 (base 3) to base 2
0
Convert -4 (base 12) to base 16.
-4
42 (base 12) to base 14
38
Convert 112 (base 3) to base 8.
16
What is 0 (base 15) in base 10?
0
Convert -13a (base 11) to base 3.
-20002
Convert -1 (base 6) to base 7.
-1
What is 1 (base 4) in base 6?
1
What is -1 (base 10) in base 6?
-1
34 (base 6) to base 3
211
What is -2 (base 5) in base 12?
-2
33 (base 16) to base 7
102
Convert 85 (base 9) to base 10.
77
514 (base 6) to base 9
231
What is dc (base 15) in base 13?
12c
4 (base 11) to base 6
4
What is -3122 (base 5) in base 11?
-345
What is 405 (base 9) in base 14?
197
What is -9e (base 15) in base 14?
-a9
Convert -5 (base 7) to base 9.
-5
What is -4 (base 11) in base 8?
-4
-20 (base 13) to base 7
-35
Convert 2a (base 12) to base 5.
114
2 (base 13) to base 3
2
What is -8 (base 11) in base 6?
-12
What is 3 (base 12) in base 4?
3
Convert -1 (base 4) to base 13.
-1
Convert 11 (base 7) to base 6.
12
Convert -10 (base 5) to base 3.
-12
Convert -377 (base 8) to base 14.
-143
What is -8 (base 13) in base 11?
-8
What is 15 (base 8) in base 2?
1101
What is 32 (base 11) in base 13?
29
100010 (base 2) to base 15
24
What is -2 (base 6) in base 4?
-2
-2 (base 15) to base 13
-2
Convert -34 (base 6) to base 8.
-26
What is 1 (base 3) in base 9?
1
Convert 0 (base 13) to base 4.
0
What is 33 (base 4) in base 7?
21
What is 1a8 (base 11) in base 8?
357
1 (base 3) to base 15
1
What is 1 (base 12) in base 10?
1
Convert 3c (base 14) to base 6.
130
What is -3 (base 6) in base 13?
-3
Convert 0 (base 4) to base 13.
0
Convert 253 (base 6) to base 8.
151
What is -8 (base 12) in base 7?
-11
2 (base 11) to base 2
10
What is -221 (base 10) in base 13?
-140
100010111 (base 2) to base 7
546
2 (base 9) to base 2
10
25 (base 13) to base 6
51
0 (base 4) to base 8
0
What is 23 (base 5) in base 3?
111
Convert -1052 (base 6) to base 16.
-f8
Convert 202 (base 3) to base 16.
14
-12 (base 6) to base 11
-8
Convert -142 (base 13) to base 6.
-1011
Convert 20 (base 7) to base 14.
10
Convert 7 (base 9) to base 5.
12
What is 2 (base 11) in base 13?
2
Convert 11 (base 3) to base 6.
4
What is 233 (base 5) in base 3?
2112
What is 1 (base 8) in base 4?
1
102 (base 6) to base 10
38
Convert 315 (base 6) to base 11.
a9
Convert 18 (base 13) to base 7.
30
Convert -13 (base 10) to base 2.
-1101
Convert -5 (base 12) to base 10.
-5
What is 0 (base 15) in base 8?
0
18 (base 9) to base 5
32
What is -3 (base 7) in base 13?
-3
What is -2 (base 7) in base 16?
-2
Convert 0 (base 10) to base 6.
0
Convert -340 (base 6) to base 11.
-110
-2 (base 10) to base 11
-2
-3 (base 5) to base 9
-3
What is 12 (base 13) in base 2?
1111
Convert -1 (base 16) to base 5.
-1
Convert -31 (base 5) to base 16.
-10
What is 37 (base 11) in base 10?
40
What is 40 (base 12) in base 3?
1210
11 (base 3) to base 14
4
17 (base 15) to base 12
1a
Convert 0 (base 11) to base 15.
0
67 (base 11) to base 2
1001001
c1 (base 14) to base 12
121
-9 (base 16) to base 6
-13
-7b (base 16) to base 8
-173
Convert 0 (base 3) to base 8.
0
3 (base 7) to base 4
3
Convert -263 (base 10) to base 12.
-19b
What is -220 (base 6) in base 13?
-66
Convert -323 (base 6) to base 12.
-a3
Convert 0 (base 8) to base 11.
0
What is 218 (base 11) in base 5?
2021
1011 (base 2) to base 8
13
Convert -6 (base 10) to base 15.
-6